{"id":476,"date":"2019-08-20T08:14:56","date_gmt":"2019-08-20T08:14:56","guid":{"rendered":"https:\/\/dancefit-andi.de\/?page_id=476"},"modified":"2019-08-27T10:47:27","modified_gmt":"2019-08-27T10:47:27","slug":"impressum","status":"publish","type":"page","link":"https:\/\/dancefit-andi.de\/?page_id=476","title":{"rendered":"Impressum"},"content":{"rendered":"<p><\/p>\n\n\n<\/p>\n<p>Andreas G\u00f6tz,<\/p>\n<p>Schelldorferstr. 29,<\/p>\n<p>87437 Kempten<\/p>\n<p>Mobil: 0151 41238543<\/p>\n<p>E-Mail: andi-bboy@web.de<\/p>\n<p>Steuernummer: 127\/221\/40301<\/p>\n<p><strong>Copyright<\/strong><\/p>\n<p>Alle Rechte vorbehalten. All Rights Reserved.<br \/>S\u00e4mtliche Vervielf\u00e4ltigungen oder sonstige Weiterverarbeitung der hier ver\u00f6ffentlichten Inhalte oder Darstellungen- auch auszugsweise \u2013 bed\u00fcrfen meiner schriftlichen Zustimmung.<\/p>\n<p><strong>Haftungsausschluss<\/strong><\/p>\n<p>Ich \u00fcbernehme keine Gew\u00e4hr f\u00fcr die Vollst\u00e4ndigkeit und Richtigkeit der hier ver\u00f6ffentlichten Inhalte und Abbildungen. Irrt\u00fcmer und \u00c4nderungen sind vorbehalten. Verl\u00e4sst sich ein Anwender auf diese Informationen, so geschieht dies auf eigenes Risiko. Diese Seiten enthalten u.U. Verkn\u00fcpfungen (Links) zu Seiten, die von anderen Unternehmen gepflegt werden und deren aktuelle Inhalte mir nicht bekannt sind. Aus diesem Grund distanzieree ich mich ausdr\u00fccklich von den Inhalten dieser Seiten. Die Kommunikation \u00fcber per E-Mail erfolgt in der Regel unverschl\u00fcsselt und kann unter Umst\u00e4nden von unberechtigten Dritten (Hacker) eingesehen werden. Dies nimmt der Anwender in Kauf und ber\u00fccksichtigt es bei der Angabe vertraulicher Informationen. Ich \u00fcbernehme keinerlei Verantwortung oder Haftung f\u00fcr Sch\u00e4den jeder Form als Folge der Verwendung dieser Seiten. Ebenfalls erfolgt das Herunterladen von Daten jeder Art auf eigene Gefahr.<\/p>\n<p>\u00a0<\/p>\n<p>\n\n\n<p><\/p>","protected":false},"excerpt":{"rendered":"<p>Andreas G\u00f6tz, Schelldorferstr. 29, 87437 Kempten Mobil: 0151 41238543 E-Mail: andi-bboy@web.de Steuernummer: 127\/221\/40301 Copyright Alle Rechte vorbehalten. All Rights Reserved.S\u00e4mtliche Vervielf\u00e4ltigungen oder sonstige Weiterverarbeitung der hier ver\u00f6ffentlichten Inhalte oder Darstellungen- auch auszugsweise \u2013 bed\u00fcrfen meiner schriftlichen Zustimmung. Haftungsausschluss Ich \u00fcbernehme keine Gew\u00e4hr f\u00fcr die Vollst\u00e4ndigkeit und Richtigkeit der hier ver\u00f6ffentlichten Inhalte und Abbildungen. Irrt\u00fcmer und [&hellip;]<\/p>\n","protected":false},"author":1,"featured_media":884,"parent":0,"menu_order":0,"comment_status":"closed","ping_status":"closed","template":"","meta":{"footnotes":""},"yoast_head":"<!-- This site is optimized with the Yoast SEO plugin v22.7 - https:\/\/yoast.com\/wordpress\/plugins\/seo\/ -->\n<title>Impressum - DanceFit mit Andi<\/title>\n<meta name=\"robots\" content=\"index, follow, max-snippet:-1, max-image-preview:large, max-video-preview:-1\" \/>\n<link rel=\"canonical\" href=\"https:\/\/dancefit-andi.de\/?page_id=476\" \/>\n<meta property=\"og:locale\" content=\"de_DE\" \/>\n<meta property=\"og:type\" content=\"article\" \/>\n<meta property=\"og:title\" content=\"Impressum - DanceFit mit Andi\" \/>\n<meta property=\"og:description\" content=\"Andreas G\u00f6tz, Schelldorferstr. 29, 87437 Kempten Mobil: 0151 41238543 E-Mail: andi-bboy@web.de Steuernummer: 127\/221\/40301 Copyright Alle Rechte vorbehalten. All Rights Reserved.S\u00e4mtliche Vervielf\u00e4ltigungen oder sonstige Weiterverarbeitung der hier ver\u00f6ffentlichten Inhalte oder Darstellungen- auch auszugsweise \u2013 bed\u00fcrfen meiner schriftlichen Zustimmung. Haftungsausschluss Ich \u00fcbernehme keine Gew\u00e4hr f\u00fcr die Vollst\u00e4ndigkeit und Richtigkeit der hier ver\u00f6ffentlichten Inhalte und Abbildungen. Irrt\u00fcmer und [&hellip;]\" \/>\n<meta property=\"og:url\" content=\"https:\/\/dancefit-andi.de\/?page_id=476\" \/>\n<meta property=\"og:site_name\" content=\"DanceFit mit Andi\" \/>\n<meta property=\"article:modified_time\" content=\"2019-08-27T10:47:27+00:00\" \/>\n<meta property=\"og:image\" content=\"https:\/\/dancefit-andi.de\/wp-content\/uploads\/2019\/08\/Impressum-1-e1566902722892.jpg\" \/>\n\t<meta property=\"og:image:width\" content=\"765\" \/>\n\t<meta property=\"og:image:height\" content=\"177\" \/>\n\t<meta property=\"og:image:type\" content=\"image\/jpeg\" \/>\n<meta name=\"twitter:card\" content=\"summary_large_image\" \/>\n<meta name=\"twitter:label1\" content=\"Gesch\u00e4tzte Lesezeit\" \/>\n\t<meta name=\"twitter:data1\" content=\"1\u00a0Minute\" \/>\n<script type=\"application\/ld+json\" class=\"yoast-schema-graph\">{\"@context\":\"https:\/\/schema.org\",\"@graph\":[{\"@type\":\"WebPage\",\"@id\":\"https:\/\/dancefit-andi.de\/?page_id=476\",\"url\":\"https:\/\/dancefit-andi.de\/?page_id=476\",\"name\":\"Impressum - DanceFit mit Andi\",\"isPartOf\":{\"@id\":\"https:\/\/dancefit-andi.de\/#website\"},\"primaryImageOfPage\":{\"@id\":\"https:\/\/dancefit-andi.de\/?page_id=476#primaryimage\"},\"image\":{\"@id\":\"https:\/\/dancefit-andi.de\/?page_id=476#primaryimage\"},\"thumbnailUrl\":\"https:\/\/dancefit-andi.de\/wp-content\/uploads\/2019\/08\/Impressum-1-e1566902722892.jpg\",\"datePublished\":\"2019-08-20T08:14:56+00:00\",\"dateModified\":\"2019-08-27T10:47:27+00:00\",\"breadcrumb\":{\"@id\":\"https:\/\/dancefit-andi.de\/?page_id=476#breadcrumb\"},\"inLanguage\":\"de\",\"potentialAction\":[{\"@type\":\"ReadAction\",\"target\":[\"https:\/\/dancefit-andi.de\/?page_id=476\"]}]},{\"@type\":\"ImageObject\",\"inLanguage\":\"de\",\"@id\":\"https:\/\/dancefit-andi.de\/?page_id=476#primaryimage\",\"url\":\"https:\/\/dancefit-andi.de\/wp-content\/uploads\/2019\/08\/Impressum-1-e1566902722892.jpg\",\"contentUrl\":\"https:\/\/dancefit-andi.de\/wp-content\/uploads\/2019\/08\/Impressum-1-e1566902722892.jpg\",\"width\":765,\"height\":177},{\"@type\":\"BreadcrumbList\",\"@id\":\"https:\/\/dancefit-andi.de\/?page_id=476#breadcrumb\",\"itemListElement\":[{\"@type\":\"ListItem\",\"position\":1,\"name\":\"Startseite\",\"item\":\"https:\/\/dancefit-andi.de\/\"},{\"@type\":\"ListItem\",\"position\":2,\"name\":\"Impressum\"}]},{\"@type\":\"WebSite\",\"@id\":\"https:\/\/dancefit-andi.de\/#website\",\"url\":\"https:\/\/dancefit-andi.de\/\",\"name\":\"Tanz, Fitness & Zumba mit Andi\",\"description\":\"Tanzen Fitness Zumba\",\"publisher\":{\"@id\":\"https:\/\/dancefit-andi.de\/#\/schema\/person\/986c47a3347b5c1137399433b7169ebc\"},\"potentialAction\":[{\"@type\":\"SearchAction\",\"target\":{\"@type\":\"EntryPoint\",\"urlTemplate\":\"https:\/\/dancefit-andi.de\/?s={search_term_string}\"},\"query-input\":\"required name=search_term_string\"}],\"inLanguage\":\"de\"},{\"@type\":[\"Person\",\"Organization\"],\"@id\":\"https:\/\/dancefit-andi.de\/#\/schema\/person\/986c47a3347b5c1137399433b7169ebc\",\"name\":\"andig\",\"image\":{\"@type\":\"ImageObject\",\"inLanguage\":\"de\",\"@id\":\"https:\/\/dancefit-andi.de\/#\/schema\/person\/image\/\",\"url\":\"https:\/\/dancefit-andi.de\/wp-content\/uploads\/2019\/08\/cropped-DanceFit-mit-Andi.png\",\"contentUrl\":\"https:\/\/dancefit-andi.de\/wp-content\/uploads\/2019\/08\/cropped-DanceFit-mit-Andi.png\",\"width\":500,\"height\":142,\"caption\":\"andig\"},\"logo\":{\"@id\":\"https:\/\/dancefit-andi.de\/#\/schema\/person\/image\/\"}}]}<\/script>\n<!-- \/ Yoast SEO plugin. -->","yoast_head_json":{"title":"Impressum - DanceFit mit Andi","robots":{"index":"index","follow":"follow","max-snippet":"max-snippet:-1","max-image-preview":"max-image-preview:large","max-video-preview":"max-video-preview:-1"},"canonical":"https:\/\/dancefit-andi.de\/?page_id=476","og_locale":"de_DE","og_type":"article","og_title":"Impressum - DanceFit mit Andi","og_description":"Andreas G\u00f6tz, Schelldorferstr. 29, 87437 Kempten Mobil: 0151 41238543 E-Mail: andi-bboy@web.de Steuernummer: 127\/221\/40301 Copyright Alle Rechte vorbehalten. All Rights Reserved.S\u00e4mtliche Vervielf\u00e4ltigungen oder sonstige Weiterverarbeitung der hier ver\u00f6ffentlichten Inhalte oder Darstellungen- auch auszugsweise \u2013 bed\u00fcrfen meiner schriftlichen Zustimmung. Haftungsausschluss Ich \u00fcbernehme keine Gew\u00e4hr f\u00fcr die Vollst\u00e4ndigkeit und Richtigkeit der hier ver\u00f6ffentlichten Inhalte und Abbildungen. Irrt\u00fcmer und [&hellip;]","og_url":"https:\/\/dancefit-andi.de\/?page_id=476","og_site_name":"DanceFit mit Andi","article_modified_time":"2019-08-27T10:47:27+00:00","og_image":[{"width":765,"height":177,"url":"https:\/\/dancefit-andi.de\/wp-content\/uploads\/2019\/08\/Impressum-1-e1566902722892.jpg","type":"image\/jpeg"}],"twitter_card":"summary_large_image","twitter_misc":{"Gesch\u00e4tzte Lesezeit":"1\u00a0Minute"},"schema":{"@context":"https:\/\/schema.org","@graph":[{"@type":"WebPage","@id":"https:\/\/dancefit-andi.de\/?page_id=476","url":"https:\/\/dancefit-andi.de\/?page_id=476","name":"Impressum - DanceFit mit Andi","isPartOf":{"@id":"https:\/\/dancefit-andi.de\/#website"},"primaryImageOfPage":{"@id":"https:\/\/dancefit-andi.de\/?page_id=476#primaryimage"},"image":{"@id":"https:\/\/dancefit-andi.de\/?page_id=476#primaryimage"},"thumbnailUrl":"https:\/\/dancefit-andi.de\/wp-content\/uploads\/2019\/08\/Impressum-1-e1566902722892.jpg","datePublished":"2019-08-20T08:14:56+00:00","dateModified":"2019-08-27T10:47:27+00:00","breadcrumb":{"@id":"https:\/\/dancefit-andi.de\/?page_id=476#breadcrumb"},"inLanguage":"de","potentialAction":[{"@type":"ReadAction","target":["https:\/\/dancefit-andi.de\/?page_id=476"]}]},{"@type":"ImageObject","inLanguage":"de","@id":"https:\/\/dancefit-andi.de\/?page_id=476#primaryimage","url":"https:\/\/dancefit-andi.de\/wp-content\/uploads\/2019\/08\/Impressum-1-e1566902722892.jpg","contentUrl":"https:\/\/dancefit-andi.de\/wp-content\/uploads\/2019\/08\/Impressum-1-e1566902722892.jpg","width":765,"height":177},{"@type":"BreadcrumbList","@id":"https:\/\/dancefit-andi.de\/?page_id=476#breadcrumb","itemListElement":[{"@type":"ListItem","position":1,"name":"Startseite","item":"https:\/\/dancefit-andi.de\/"},{"@type":"ListItem","position":2,"name":"Impressum"}]},{"@type":"WebSite","@id":"https:\/\/dancefit-andi.de\/#website","url":"https:\/\/dancefit-andi.de\/","name":"Tanz, Fitness & Zumba mit Andi","description":"Tanzen Fitness Zumba","publisher":{"@id":"https:\/\/dancefit-andi.de\/#\/schema\/person\/986c47a3347b5c1137399433b7169ebc"},"potentialAction":[{"@type":"SearchAction","target":{"@type":"EntryPoint","urlTemplate":"https:\/\/dancefit-andi.de\/?s={search_term_string}"},"query-input":"required name=search_term_string"}],"inLanguage":"de"},{"@type":["Person","Organization"],"@id":"https:\/\/dancefit-andi.de\/#\/schema\/person\/986c47a3347b5c1137399433b7169ebc","name":"andig","image":{"@type":"ImageObject","inLanguage":"de","@id":"https:\/\/dancefit-andi.de\/#\/schema\/person\/image\/","url":"https:\/\/dancefit-andi.de\/wp-content\/uploads\/2019\/08\/cropped-DanceFit-mit-Andi.png","contentUrl":"https:\/\/dancefit-andi.de\/wp-content\/uploads\/2019\/08\/cropped-DanceFit-mit-Andi.png","width":500,"height":142,"caption":"andig"},"logo":{"@id":"https:\/\/dancefit-andi.de\/#\/schema\/person\/image\/"}}]}},"_links":{"self":[{"href":"https:\/\/dancefit-andi.de\/index.php?rest_route=\/wp\/v2\/pages\/476"}],"collection":[{"href":"https:\/\/dancefit-andi.de\/index.php?rest_route=\/wp\/v2\/pages"}],"about":[{"href":"https:\/\/dancefit-andi.de\/index.php?rest_route=\/wp\/v2\/types\/page"}],"author":[{"embeddable":true,"href":"https:\/\/dancefit-andi.de\/index.php?rest_route=\/wp\/v2\/users\/1"}],"replies":[{"embeddable":true,"href":"https:\/\/dancefit-andi.de\/index.php?rest_route=%2Fwp%2Fv2%2Fcomments&post=476"}],"version-history":[{"count":6,"href":"https:\/\/dancefit-andi.de\/index.php?rest_route=\/wp\/v2\/pages\/476\/revisions"}],"predecessor-version":[{"id":614,"href":"https:\/\/dancefit-andi.de\/index.php?rest_route=\/wp\/v2\/pages\/476\/revisions\/614"}],"wp:featuredmedia":[{"embeddable":true,"href":"https:\/\/dancefit-andi.de\/index.php?rest_route=\/wp\/v2\/media\/884"}],"wp:attachment":[{"href":"https:\/\/dancefit-andi.de\/index.php?rest_route=%2Fwp%2Fv2%2Fmedia&parent=476"}],"curies":[{"name":"wp","href":"https:\/\/api.w.org\/{rel}","templated":true}]}}